3)
84
-29 + (0 - 21 - (-37 + (-19 - -46))) + 21
-19
What is (-85 - (12 + -85)) + (1 + 2 - 21)?
-30
Evaluate -90 + 32 + 0 + -10 + (15 - -3) + -14.
-64
Evaluate 829 - 914 - (-11 + 20).
-94
What is the value of -163 + (42 - 16) + 64?
-73
What is 49 + -37 + (36 - (-1 - -11)) + 11?
49
Evaluate 135 + 24 + -52 - 141.
-34
Calculate -80 + (-62 - -125) - (-1 - (6 + -1)).
-11
What is the value of -48 + 42 + 80 + -36?
38
What is the value of 13 + 69 + (-27 - 56)?
-1
79 + 9 + -4 + (51 - 72)
63
What is (-8 - -4) + -130 + (-20 - (-29 + 14)) + 11?
-128
(7 - 22) + (340 - 207)
118
-95 + 1 - (232 + -96 + -157)
-73
(18 - (51 + (-37 - -20)) - -29) + (5 - 3)
15
(6 + 11 - 32) + -4 - 16
-35
What is the value of 97 + -48 + -41 - (54 - 0)?
-46
What is the value of -149 - ((-15 - 97) + -140)?
103
Evaluate (-36 - -30 - (1 + 1 - -1 - 5)) + 62.
58
What is -62 + -6 + (11 + -13 + 6 - (-3 + 1))?
-62
What is -13 - -25 - (-174 - -222)?
-36
Evaluate -49 + (-2 - 0) - (-68 - (114 - 180)).
-49
What is the value of 52 - (10 + -1 - (-2 - -10))?
51
What is the value of -33 + 8 - (-89 + 72) - -24?
16
2 + 1 + 8 + -83 + (245 - 103)
70
Calculate 44 + -96 - (-85 - -27).
6
Calculate (0 - -47) + (-2238 - -2278).
87
(1 - (49 + 5)) + (80 - 87)
-60
25 + -14 + (45 - 52) + (2 - -32)
38
Evaluate ((-35 - -17) + -15 - 33) + -1 + -17.
-84
Calculate (18 - 0 - -1) + (-5 + -36 - -56).
34
What is the value of 33 - (37 + -2) - (-2 + 1 + -4)?
3
7 + (9 - (42 - ((3 - 0) + -6 + -2)))
-31
Calculate 50 - (108 + -76) - (62 + -1).
-43
2 + 10 - (135 + 6 - 76)
-53
What is 8 + (6 - (1 + 13)) + -5 - (6 - -2)?
-13
Evaluate -19 + -17 - (174 - 163).
-47
Evaluate 4 - (-2 - (-5 - 6)) - -103 - 4.
94
(-1 - -41) + (-321 - (-133 + -132))
-16
What is the value of (-91 + 90 - (-2 - (4 + -7))) + (12 - 0)?
10
Evaluate (-139 - (-24 - (0 + -19) - 12)) + 12 + 2.
-108
What is -88 - -57 - -31 - (-9 + 1 - 1)?
9
-2 - -155 - (42 + 14)
97
What is the value of 810 + -940 + 97 + 6?
-27
What is 1 + 8 + (-18 + 6 - ((-15 - 10) + -1))?
23
What is the value of (-14 - -9) + 6 + (-3 + 49 - 5 - -7)?
49
0 + -51 - (-640 + 587)
2
What is the value of 25 + (41 - 3) - (5 - -1)?
57
What is 0 + (0 - -12) + 153 + -32 + -26 + 2?
109
Calculate (93 - 87) + 3 + -11 + 0 + -5.
-7
What is the value of (125 - -17) + -15 - 68?
59
Calculate -47 - (-52 + -61 + 166).
-100
Evaluate 1211 + -1206 + -8 + (1 - -1).
-1
Evaluate (-1 + -12 - -1 - ((-5 - 4) + 9)) + -39.
-51
Calculate (-18 - (9 + -24)) + 23 + -6.
14
94 + (30 + -74 - 54)
-4
What is (-38 - (27 - 33)) + 32 - (-9 - 3)?
12
What is the value of (-2 - 2) + 100 + -60 + -52?
-16
What is 42 + 21 + (-7 - -4) + -40?
20
What is the value of 83 + (-37 - -40) + -16 + (-2 - 0 - -5)?
73
Evaluate 13 + -94 + (-7 - (25 - 68) - 23).
-68
Calculate (-51 - (-25 + -1)) + -61 - -22.
-64
What is (-8 - (-5 + 14)) + 27 + -103?
-93
Evaluate -23 - (76 + -79 + 34).
-54
What is the value of 41 + -122 - (-119 + 106)?
-68
What is -10 - 12 - (218 - 187)?
-53
Evaluate -31 + (-26 - -118) + (1 - (5 - -2)).
55
Evaluate 0 + -58 - (49 - (36 - -28)).
-43
What is the value of (-145 - -61) + 33 - -61?
10
Evaluate (74 - 84) + (-3 - -1) + 20 + (-7 - 47).
-46
Evaluate 3 + 53 + -20 - 9.
27
Evaluate -8 - (-8 - (-25 - -19)) - -22.
16
-41 - ((6 - (26 + -30)) + 1)
-52
What is the value of 3 - (18 + -36 + (23 - 6)) - (2 + 38)?
-36
(20 - (45 - 14)) + -18 + -2
-31
What is 41 + -33 - (31 + 40 + (-4 - -1))?
-60
31 + -21 - (-35 + 3 + (7 - 13) + -6)
54
Evaluate 155 - (186 - (-106 + 154)).
17
9 + (27 - -6) + -118 + 185
109
Calculate -5 + -7 - (-52 + (-25 - 0) + 48).
17
What is the value of ((-7 - -25) + -20 - (11 - (-1 + 6))) + -83?
-91
What is the value of (3 + -4 - (-21 + 29 - 0 - 12)) + 85?
88
Evaluate (48 - 5 - (-14 - (-2 - -6))) + 18.
79
Evaluate -1 + -8 + (-84 - (3 - (4 - 26 - -38))).
-80
What is the value of -8 - (-4 - 0) - (81 - 51)?
-34
What is the value of 29 + (20 - 18) - -24?
55
Evaluate -7 + 19 - (-3 - -11 - 13) - 10.
7
(-121 - -67) + 83 + -3
26
Evaluate -30 - (-1 + 13 + 10).
-52
Calculate (0 - -1) + -74 + (-3958 - -3952).
-79
What is the value of -13 + (-52 - -22 - -17 - (2 + 13) - 6)?
-47
Calculate (4 - 0) + (-106 - (-120 + 87)).
-69
What is 55 + 39 + (57 - 114)?
37
-90 + -13 + 136 + -49
-16
Evaluate 150 + -313 + (111 - 1).
-53
What is the value of -5 + 32 + (6 + -5 + -9 - -3)?
22
Evaluate 33 - ((46 + -29 - 6) + (4 - 2)).
20
-39 - (-44 + (7 - 48))
46
Calculate -6 + 18 + 16 + 7 + -33 - (-68 - 4).
74
28 - 3 - (950 + -958)
33
Evaluate 1 + -28 + (141 - (22 + 79)).
13
What is the value of 8 - (-15 + -3 + 23 + -10 + 7) - 40?
-34
What is the value of (-4 - (0 + 0 + -1)) + -829 + (246 - -584)?
-2
Calculate (27 + -62 - -120) + -49.
36
Calculate (-13 - 1) + 28 - -25.
39
Evaluate 48 - 81 - ((10 - 12) + -114).
83
What is the value of 74 + 144 - 290 - ((1 - 2) + -7)?
-64
What is -80 + 5 + (-1 - 5 - ((48 - 91) + 48))?
-86
What is 5 + (8 + 14 + -30 + 3 - -9)?
9
What is -11 + (83 - 116) - -98?
54
51 + 10 + 4 + 4 + (-14 - -36 - 44)
47
-14 + 9 + -4 + 1 - (-67 + 55)
4
What is the value of 1 + -29 - (-96 + (50 - -93))?
-75
What is the value of 1 + -7 + -15 + 24 - -16?
19
-25 + 40 - -7 - 19 - -11
14
-20 - (0 + -2) - (-234 + 233)
-17
What is the value of -7 + (-17 - 1 - (-34 + 13)) - (-95 - 1)?
92
Evaluate (62 - -4 - (-67 - -93)) + (1 - 18).
23
What is the value of 169 + (-234 - -104) + -1 + -11?
27
Evaluate 54 + -109 + 3 + 100.
48
What is the value of (23 - 0 - (127 + -130)) + 2?
28
Calculate -2 + 33 - (0 - -1) - -2 - (21 + -15).
26
-1 + -17 + 448 + -431 - -18
17
What is -22 + 0 + 7 + -3 + -4 + (-16 - -20)?
-18
Evaluate (10 - 1) + 51 + -40 + -9 + 11 + 15.
37
Evaluate 20 + -2 - (-7023 - -6999).
42
What is (7 + -3 - -7 - (6 - -20)) + (-20 - -12)?
-23
Calculate 23 + -56 + 77 + -71.
-27
Calculate -52 + (-44 - 4) + 48.
-52
Calculate -42 + (-39 - -79) - -23.
21
What is -1 + -81 - ((11 - (0 + -3 + 18)) + -5)?
-73
What is the value of 44 + -52 + 29 - 32?
-11
Calculate -30 + 50 + (-33 - -53) + (-5 - (-4 - -3)).
36
Calculate 47 - ((19 - 26) + 3 + 5 + 6).
40
(-16 - -105) + 18 + -98
9
Evaluate (-23 + 18 - 7 - (-1 - 10)) + -21.
-22
Calculate -41 - (-67 + -35 + 80).
-19
What is -47 + (22 - 32 - -49)?
-8
What is 2 - -2 - -2 - (163 - 101 - 43)?
-13
Evaluate -41 + (21 - 2) + 61.
39
Evaluate 10 + -25 + (55 - (1 - -30)).
9
Evaluate -8 - (-38 + 21 - -13) - -16.
12
Calculate (-3 + -1 + 0 - (1 + -1 + 5)) + 25.
16
Calculate 16 + 3 - (50 + 34 + -25).
-40
18 - (0 - (12 + -11 + 9 - -19))
47
(-37 - (-25 - -6)) + 69
51
What is -21 - (14 - (20 - (-5 - -4 - 16)))?
2
Evaluate 37 + (-3 + -17 - (146 + -174)).
45
(-50 - -17) + 48 + 6 + -4
17
What is (7 - (-5 + 2)) + (-12 - (13 + -8))?
-7
(10 - -3) + -36 + 21 - 31
-33
What is 78 + -151 + 67 + (4 - 0) - -3?
1
What is the value of 59 - (-13 - (-22 + 1 - (0 + (12 - 19))))?
58
Calculate 96 + (-29 - (46 - 29)).
50
Evaluate (-2 - ((-12 - -10) + -16)) + (11 - -15).
42
-7 - (-12 + 0 + 0 + 8 + 0) - 30
-33
(14 - ((-8 - (-4 - 13)) + 4)) + (-23 - -55)
33
What is -1 - (-4 + -8 - (111 + -145))?
-23
-19 - (-4 + (24 + -61 - -36))
-14
What is the value of -9 + (-3 - -1) + 5 + (-15 - (-6 - -23))?
-38
(35 - (-3 + -6)) + -49 + 69
64
Evaluate 11 - 26 - 72 - 6.
-93
Evaluate (156 - -3) + -3592 + 3511.
78
8 + (3 - (-21 - (-24 + 12) - 0))
20
-6 - (-1247 - -1280 - (187 - -1))
149
(-1 - 0) + -43 + 13 + 21 + -78 + 51
-37
What is the value of (8 + -4 - -5) + (15 + 7 + -38 - -100)?
93
Calculate -44 + 46 - (2 + 3 + -13) - (-12 + 0).
22
-71 + 6 - (-1 + (1 - (-3 - (-4 + -13))))
-51
What is the value of -5 + 89 - (-966 - -978)?
72
What is 2 - 8 - ((45 - 12) + -17 + -55) - -11?
44
Evaluate 586 + -563 + 0 + -36.
-13
Evaluate 0 - (2 - 8) - 8 - (15 - (-48 - -9)).
-56
Evaluate 53 + (-36 + 104 - 42) - (-1 + -6).
86
Evaluate (47 + -70 + 46 - 90) + 14.
-53
Calculate -60 - ((364 - 383) + 15 + 0).
-56
Calculate -3 + (24 - -1 - (-26 + 22 + 9)).
17
Evaluate -8 + (31 - 21) + 2 + 48.
52
What is the value of 3900 + -3854 + (-52 - 0)?
-6
What is the value of 22 + (-8 - 42) + -22?
-50
Calculate (7 - (-1 + 120)) + 84.
-28
What is (111 - 129 - -22) + -56 + -1 + (-2 - -5)?
-50
Evaluate -2 - 33 - 0 - (5853 + -5876).
-12
What is 0 + -14 + (43 - 66) + 29 - -10?
2
What is 3 - (-3 - (6 - -2 - (3 + 4))) - 9?
-2
What is the value of 3 - (32 + -76) - (-6 + 16)?
37
What is the value of (26 - 1) + (82 - 40) + -47?
20
E